sor of t and 13?
13
Let r(q) = q. Let d be r(3). Let z = 27 - 15. Suppose -4*i + z = -d*i. Calculate the highest common divisor of 96 and i.
12
Let r(s) = s**3 - 3*s**2 - 2*s - 6. Let d be r(4). Suppose -d*w + 26 = 2. What is the greatest common factor of w and 132?
12
Suppose -2*t + 5*x + 6219 = 0, 0*t - 3132 = -t - 2*x. Calculate the highest common divisor of 14 and t.
14
Let o = 348 - 286. What is the highest common factor of 93 and o?
31
Let p(z) = 31*z**2 - 2*z - 1. Let j be p(2). Let u = -23 - -40. What is the highest common factor of u and j?
17
Let l(c) = -26*c + 2*c - 19*c - 34 + 14. Let v be l(-6). What is the greatest common divisor of 34 and v?
34
Let s(k) be the first derivative of -k**3/3 + 7*k**2 + 34*k - 5. Let p be s(16). What is the greatest common divisor of 3 and p?
1
Suppose -3*r = -q - 111, 4*r - q - 187 = -r. Let x = -6 + 101. What is the greatest common divisor of r and x?
19
Let l be 0 - (-2 - 0) - -2. Suppose -4*d + 878 = -638. Suppose -d = -l*b - 59. What is the greatest common divisor of b and 10?
10
Let z = 59 - 105. Let j = 106 + z. Calculate the highest common factor of j and 12.
12
Suppose 7 = y + 2*y - 2*a, 5*a - 5 = 0. Suppose -6 = -3*p + 6. Suppose -p*b + 296 = -4*g, 5*b = y*g + 457 - 85. What is the greatest common factor of b and 30?
15
Let r be ((-52)/91)/((-8)/84). Let b(q) = 4*q - 3. Let u be b(3). Calculate the highest common divisor of r and u.
3
Suppose -59*d + 6160 = -45*d. Calculate the highest common factor of d and 352.
88
Suppose 0 = 3*m - m - 18. Suppose b + 7 = 42. Let g = b - 26. Calculate the greatest common divisor of g and m.
9
Let j be 6 + -5 + (5 - 5). Calculate the greatest common factor of j and 99.
1
Let o(r) = 4*r**2. Let z be o(-1). Suppose -z*h = 56 - 4. Let x(g) = g**3 + 14*g**2 + 11*g - 2. Let w be x(h). Calculate the highest common factor of w and 48.
24
Let a be 839 + -9 - (3 - -1). What is the greatest common divisor of 14 and a?
14
Let x(q) = -48*q + 3. Suppose -4*a + 3*u + 1 = 0, -2*a + 4*u + 2 = 3*a. Let n be x(a). Let w = -6 + 17. Calculate the greatest common divisor of w and n.
11
Suppose -3*h - 4*x = -94, -2*h + 61 = -4*x - 35. What is the highest common factor of 38 and h?
38
Let c = -349 + 393. What is the greatest common factor of c and 319?
11
Let k = 131 - 200. Let g = 121 + k. Let c = g - 37. Calculate the highest common divisor of c and 120.
15
Let o be -3*54*(-1 + 0). Let h be ((-6)/(-4))/(113/1356). Calculate the greatest common divisor of o and h.
18
Let f be 88/3*135/(-20). Let r = f - -352. Let a(y) = 4*y + 22. Let t be a(0). What is the highest common factor of t and r?
22
Let s = 166 - 106. What is the highest common divisor of 40 and s?
20
Let w be 8/28*7 + (0 - -2). Suppose 3*d = 3*c + 54, 5*c + 70 + w = 4*d. Calculate the greatest common divisor of d and 8.
8
Let b = 13 - 8. Let d(i) = -38*i - 94. Let n be d(-3). What is the highest common divisor of n and b?
5
Let f(j) = j + 1. Let m be f(-2). Let o be (75/9 - m)*3. Suppose -u + 4 + 0 = 0. Calculate the highest common divisor of o and u.
4
Suppose 21 + 56 = q. Suppose 3*v - 1218 = -1197. Calculate the highest common factor of q and v.
7
Suppose 0 = 2*m + 4*z - 3*z - 12, 31 = 5*m + 3*z. Let i = 53 - m. Calculate the highest common divisor of 12 and i.
12
Suppose -7*t + 87 + 60 = 0. Calculate the greatest common divisor of 14 and t.
7
Let j = -711 + 1131. Suppose -j = -3*g - g. What is the greatest common factor of g and 15?
15
Suppose -4*v - 2*c = -12, -2*c = -v - 3 - 4. Let a be (8 - 3)*9/v. What is the highest common factor of a and 60?
15
Let a be (15 - 3) + 4 + 4. Suppose -3*j - 2*j = -a. Suppose c - 36 = 5*n, -3*c + 48 = -n - j. Calculate the greatest common divisor of 48 and c.
16
Suppose 0 = -4*j + 8 + 4. Suppose -33 = -3*o + j. Let z be ((-58)/4 - -1)/(24/(-192)). Calculate the highest common divisor of z and o.
12
Suppose -353 = -18*n + 25. Suppose n*t - 16*t - 270 = 0. Calculate the highest common factor of 18 and t.
18
Let m = -85 - -87. Suppose -3*r - 99 = -2*j, -1 = r + m. Calculate the highest common divisor of 30 and j.
15
Let m(t) = t**2 + 5*t + 40. Let r be m(11). Calculate the greatest common factor of 96 and r.
24
Suppose 0 = 28*l - 43*l + 1320. What is the greatest common factor of 32 and l?
8
Let r(t) be the second derivative of -9*t**2 + 9*t + 0 - t**4 + 1/20*t**5 - 7/6*t**3. Let y be r(13). Calculate the highest common factor of y and 20.
20
Let u be 3*2*(-12)/(-18) - -5. Calculate the highest common divisor of u and 441.
9
Let n(q) = 47*q**2. Let x be n(1). Let h be 652/(-6)*(-3 - 0) - -3. What is the highest common factor of x and h?
47
Let o = -1122 - -1226. Calculate the highest common factor of o and 234.
26
Let z be 4 + 310/(-75) - (-9077)/15. What is the greatest common divisor of 55 and z?
55
Let a(o) = -o**2 + 3. Let q be a(1). Suppose -3*k - 4*c = -39, -7*k = -q*k + c - 48. What is the greatest common divisor of k and 3?
3
Let r(f) = -2*f + 1. Let i be r(-1). Suppose 5*z + i*l - 37 = 0, -3*z + 3*l + 2*l + 29 = 0. What is the greatest common factor of z and 16?
8
Suppose 197*k - 128*k - 414 = 0. Let m be 20 - 1*(-2)/2. What is the highest common divisor of k and m?
3
Let o(b) = 23*b**2 - 2*b - 1. Let y be o(-1). Let x be -3 - -2 - (-6 + -1). Calculate the greatest common divisor of x and y.
6
Let b be (-3)/(-1) + -7 + 18. Let y(p) = 4*p**2 - 5*p**2 + 4 - 4*p + p**3 + b*p**2. Let z be y(-13). What is the highest common factor of 8 and z?
8
Let t be 41/(-4)*(-3 - -7). Let f = t - -11. Let r be (f/(-2))/3*25. What is the highest common divisor of r and 25?
25
Let v(b) be the third derivative of b**4/12 + b**3/6 + 8*b**2. Let t be v(-1). Let r be t/((-2)/(-72)*-2). Calculate the highest common divisor of 90 and r.
18
Suppose 2*r + 396 = -r. Let x = 204 + r. Suppose 3*t - x = -t. Calculate the greatest common divisor of 12 and t.
6
Let y(s) = s - 11. Let b be y(7). Let i be (-1)/b + (-1)/4. Suppose -4*m = i, -3*w - m + 116 = -w. Calculate the highest common divisor of 29 and w.
29
Let o = 1217 - 810. Calculate the greatest common factor of 11 and o.
11
Suppose 2*a = 10*a - 120. What is the highest common divisor of a and 65?
5
Suppose 0 = 6*f - 415 + 85. What is the greatest common factor of f and 715?
55
Let c = 933 + -400. Calculate the greatest common divisor of c and 41.
41
Suppose 0 = -3*b - 2*f + 14, -2*f + 11 = 2*b + 1. Let w(g) = 37*g**2 - 1. Let x be w(1). Calculate the highest common factor of b and x.
4
Suppose 9*g - 5*g - 42 = -3*s, -2*s + 40 = 4*g. Suppose -4*n + 2 = -5*z, z - 5*z = -8. Calculate the greatest common divisor of g and n.
3
Let o(g) = -g**2 - 30*g + 52. Let w be o(-14). What is the highest common factor of 207 and w?
69
Let v = 681 - 417. Suppose v = -14*p + 16*p. Let x be -1 + 13 + 1 - 1. Calculate the greatest common divisor of x and p.
12
Let k(n) = 44*n + 180. Let g be k(-4). Calculate the greatest common factor of g and 128.
4
Let h(a) = 17*a + 1. Let i be h(1). Suppose 4*t - 3*s = 22, -5*t + 3*t = 2*s - i. Calculate the highest common divisor of t and 7.
7
Suppose -5*g + 411 + 734 = 0. Suppose g = 3*m - 134. Calculate the greatest common factor of 11 and m.
11
Let z = -26 + -27. Let r = -49 - z. What is the greatest common divisor of r and 20?
4
Let w(p) = -p**2 + 11*p + 16. Let y be w(12). Suppose 4 = y*u - 104. Calculate the greatest common factor of u and 18.
9
Let r = 229 - 216. Suppose -3*t + 2 = -5*v + 15, 4*t = -3*v + 31. Suppose t*w - 3*q + 10 = 5*w, 41 = 3*w - 2*q. What is the highest common divisor of r and w?
13
Suppose -30*a = -91 - 119. What is the highest common divisor of 189 and a?
7
Let z be ((-12)/14)/((-3)/168). Suppose 2 + 34 = l. Let d = l + -24. What is the greatest common divisor of d and z?
12
Let q(s) = s - 3. Suppose -4*y + 9 = -3*y. Let j be q(y). Let l be (j*1)/((-6)/(-56)). Calculate the highest common factor of 84 and l.
28
Let r(p) = p**2 + p - 2. Let f be r(-2). Suppose -l + 5 = f, 5*i - 4*l = -3*l - 50. Let b be 12/i - 44/(-6). Calculate the highest common divisor of b and 6.
6
Suppose -3*n = 5*n - 560. What is the highest common factor of 5 and n?
5
Let m(f) = 2*f**2 - 2*f - 6. Let u be m(-4). Suppose 0 = -4*k + 9*k + 395. Let l = -62 - k. What is the greatest common factor of u and l?
17
Let l(p) = 33*p + 